se -x + 2*x + 6 = 0. What is the remainder when 5 is divided by (-4 - -3)/(2/x)?
2
Let w = 1692 - 1658. Calculate the remainder when w is divided by 8.
2
Suppose 0 = -s + 4*i + 31 - 10, 0 = -3*s - 3*i + 33. Suppose -s = -w - 0*w. Let l(m) = m**2 - 8*m + 20. What is the remainder when w is divided by l(3)?
3
Let z(c) = c**2 - 16*c. Let a be z(16). Suppose -v + 17 = 2*h - 6, a = h - 2. What is the remainder when v is divided by 11?
8
Suppose -8*q + 288 = 4*q. What is the remainder when 91 is divided by q?
19
Suppose -43*y + 39*y + 24 = 0. What is the remainder when 24 is divided by y?
0
Let s = 14 - 25. Let x be -3 + (0 - 4 - -8). Let w = x - s. What is the remainder when 23 is divided by w?
11
Suppose 14*j - 5586 = -24*j. What is the remainder when j is divided by 15?
12
Let q = -13 + 3. Suppose 2*l - 6*l - 3*z = -84, 2*l - 5*z = 42. Let y = q + l. Calculate the remainder when 41 is divided by y.
8
Let v = -158 + 237. Suppose v = d - 63. Calculate the remainder when d is divided by 29.
26
What is the remainder when 529 is divided by -2*9/(-45)*70?
25
Let w = 24 + -15. Let z be (-12)/18 + (-318)/w. Let a = -17 - z. What is the remainder when 56 is divided by a?
18
Let b = 90 + -75. Calculate the remainder when 595 is divided by b.
10
Let c(i) = -i**3 + 5*i**2 - i + 1. Let a = -22 - -20. Let y(f) = 7*f**2 + f + 2. Calculate the remainder when y(a) is divided by c(3).
12
Let s(t) = -t**3 + 6*t**2 + 3*t - 10. What is the remainder when 42 is divided by s(3)?
16
Let x = 426 + -240. Calculate the remainder when x is divided by 50.
36
Let t(c) = -8*c**2 - 130*c + 21. What is the remainder when t(-16) is divided by 7?
4
Let x be (390/13)/(2/2). Suppose x = 2*p + 5*a, -a + 46 = p + p. Calculate the remainder when 45 is divided by p.
20
Suppose 5*x - 320 = -4*r, r + 126 + 83 = 3*x. What is the remainder when x is divided by (2 + 0)*(-28)/(-4)?
12
Let f = -5005 - -5090. Let x(q) = q**2 - 2*q + 3. What is the remainder when f is divided by x(-3)?
13
Let p(q) = 2*q**3 - 14*q**2 + 8*q - 44. Calculate the remainder when 62 is divided by p(7).
2
Let r = -430 - -218. Let h = -128 - r. What is the remainder when h is divided by 29?
26
Let n(k) = -k**2 - 18*k - 60. Let b(f) = -24*f - 4. Let d be b(-8). Suppose 0*j = -4*j + d. What is the remainder when j is divided by n(-12)?
11
Let j = -339 - -358. What is the remainder when 54 is divided by j?
16
Let q = -10320 + 10336. Let o(p) = -p**3 - 4*p**2 - 3*p + 1. Calculate the remainder when o(-5) is divided by q.
9
Suppose -r + 1 + 2 = 0, 2*r - 41 = -i. Suppose 180 = 44*j - 39*j. Suppose h - 4*h + j = 0. Calculate the remainder when i is divided by h.
11
Suppose 0*s - 2*s + 8 = 0. Let y be 55/20 + 2/8. Suppose s*x + y*r - 42 = -2*r, -57 = -5*x - 4*r. Calculate the remainder when x is divided by 4.
1
Suppose 4*n + 2*p - 17 = 1, -n - 5*p + 18 = 0. Suppose -6 = -n*r + 78. Suppose 6*o - 10*o + r = 0. Calculate the remainder when 25 is divided by o.
4
Suppose 264 = 3*u - 8*a + 3*a, 0 = u - 2*a - 87. What is the remainder when u is divided by 47?
46
Suppose -p + 4*q + 185 = 0, -5*p + 993 = -3*q - 0*q. Calculate the remainder when p is divided by 34.
31
Suppose 3*u = r + 253, 13*u + 4*r + 88 = 14*u. Calculate the remainder when 135 is divided by u.
51
Let v = 92 - 87. Suppose 1562 = v*c + 422. Calculate the remainder when c is divided by 46.
44
Let h = 31 - 4. Suppose z + h = 2*q, -2*z - 72 = -5*q + 2*z. What is the remainder when 33 is divided by q?
9
Let j(x) = -2*x - 18. Let t = 5 - 0. What is the remainder when j(-17) is divided by t?
1
Let h = -331 + 503. Calculate the remainder when h is divided by 16.
12
Let j = -556 + 570. Calculate the remainder when 15 is divided by j.
1
Let o be -1 - -2 - (-14 + 11). Suppose 2*s - o*s = -4, -164 = -2*g - 3*s. Calculate the remainder when g is divided by 16.
15
Suppose -3*k = -2*k - 2. Let s be k/8*-2*0. Let l(v) = -v**3 + 2*v + 9. Calculate the remainder when 21 is divided by l(s).
3
Suppose 0*l = -2*l + 12. Let v = 148 - 196. What is the remainder when (v - (2 + -6))/(-2) is divided by l?
4
Let d(q) = -q**2 - 17*q + 9. Let r be d(-16). Let l = r - 21. Calculate the remainder when l is divided by 3.
1
Let v(y) = 7*y**2 + y. Let h be v(-1). Suppose 2*t = -2*r + h*r - 342, 3*r + 5*t = 250. What is the remainder when r is divided by 22?
19
Let w(f) = 5*f**2 + 22 + f**3 + 5*f**2 - 2*f**3 - 10. What is the remainder when 22 is divided by w(10)?
10
Suppose 5*v = 5, -8 - 15 = -3*i + v. Let y = 5 - -13. Calculate the remainder when (70/i)/((-1)/(-4)) is divided by y.
17
Let f be (-1)/1*(-7 + 1)/3. Suppose -24 = -w + 4*j, 2*j = -f*w + 6*j + 44. Calculate the remainder when 55 is divided by w.
15
Let i(r) = 35*r - 9. Let k be i(-7). Let o = -179 - k. Calculate the remainder when o is divided by 13.
10
Let y(c) = c + 13. Let p(n) = n + 14. Let g(h) = -6*p(h) + 7*y(h). Suppose -5*u = a + 2*a + 5, -a = 2*u + 3. What is the remainder when 45 is divided by g(a)?
9
Let d(v) = 75*v - 248. Calculate the remainder when 164 is divided by d(4).
8
Let x = 122 - -5. What is the remainder when x is divided by 10?
7
Let j = 151 - 136. What is the remainder when 149 is divided by j?
14
Suppose 0*s - 15 = -5*s. Let w(o) = 7*o**2 - 4*o + 2. Let g be w(s). Let q = g + -29. What is the remainder when q is divided by 9?
6
Suppose -7*l + 2*l = -95. Suppose 0*i = i - 32. Calculate the remainder when i is divided by l.
13
Let j(v) be the third derivative of -v**6/60 - v**4/8 - v**3/6 + 6*v**2. Calculate the remainder when j(-2) is divided by 12.
9
Suppose 91 = 604*d - 597*d. Let c be (-1053)/(-6) + 1/(-2). Suppose c = 3*u + 22. What is the remainder when u is divided by d?
12
Suppose -4*i - 28 = -212. Let k = -20 + i. What is the remainder when 50 + 0/(4/2) is divided by k?
24
Let a be (1*-2)/(-2) - (-6 + 5). What is the remainder when (a + -4)/(4*2/(-164)) is divided by 14?
13
What is the remainder when (4/(-10))/(13/((-33475)/10)) is divided by 35?
33
Suppose -c - 2*y + 66 = 2*c, 0 = -4*c - 4*y + 84. Let u(b) = 12*b - 1. Calculate the remainder when u(8) is divided by c.
23
Let w = 183 + 15. Let m = 137 - w. Let k = 97 + m. What is the remainder when k is divided by 19?
17
Let h(s) = 92*s - 114. What is the remainder when h(2) is divided by 53?
17
Let t = 22 - 24. Let u be 27/5*(-10)/t. Let h = u + -17. Calculate the remainder when 39 is divided by h.
9
Let g(i) = 2*i**3 + 18*i**2 - 3*i + 9. Let v be (0 + 12)*(-33)/44. Let h = -180 + 285. What is the remainder when h is divided by g(v)?
33
Let t = 318 + -152. Suppose t = 2*s - 0*s. What is the remainder when s is divided by 12?
11
Let a(i) = -2 + 1 + 6 - i**2 + 4 - 11*i. Let o(d) = 4*d**2 + 2*d + 1. Calculate the remainder when a(-11) is divided by o(-1).
0
Let q = 70 - 35. Suppose 2*b + 3*b = 5*n + q, -2*b = -5*n - 23. Suppose b*p - k = 108, 15 = -3*p - k + 103. Calculate the remainder when p is divided by 10.
8
Let o(c) = -29*c**2 + 2*c - 3. Let i(r) = 116*r**2 - 8*r + 13. Let t(s) = -2*i(s) - 9*o(s). Calculate the remainder when 82 is divided by t(1).
26
Let a(t) = -9*t + t**2 + 8*t + 117 + 0*t + t**3. Let f be a(0). Suppose f = 5*i - 23. Calculate the remainder when 109 is divided by i.
25
Let w(y) = y**3 - 6*y**2 + 18*y - 5. Let p be w(7). Suppose 0*j + p = 5*j. Calculate the remainder when j is divided by 14.
6
Let a(x) = -119*x + 154. Let f(s) = -7*s + 9. Let u(h) = 2*a(h) - 35*f(h). Let n be u(-4). What is the remainder when (-42)/n*65/2 is divided by 20?
19
Calculate the remainder when ((-57)/(-4))/((-36)/(-336)) + 1 is divided by 27.
26
Let f = 66 + -53. Suppose -170 = -5*m + 4*y, 0 = -m + 4*m + 3*y - 129. What is the remainder when m is divided by f?
12
Suppose 3*p + 2*o + o = -15, -3*p = 4*o + 19. Calculate the remainder when 117 is divided by (-151)/(-5) + (-3)/(-15)*p.
27
Calculate the remainder when 0/150 + (-2 - -1051*1) is divided by 30.
29
Let m = -1694 + 1821. What is the remainder when m is divided by 12?
7
Suppose 0 = -2*s - a + 21, 0 = 3*s + 2*s + 3*a - 51. What is the remainder when 44 is divided by s?
8
What is the remainder when 322 is divided by -5*(-2)/(2/13)?
62
Calculate the remainder when 71 is divided by (-4477)/(-370) + 2/(-20).
11
Suppose -3*u + 5*u + 3*s + 9 = 0, u + 4*s = -2. Let a = -4 - u. Suppose 0 = -a*c - 2 + 10. Wha